- 4*t = -l. Let p(b) = -19*b + 7. Calculate the remainder when t is divided by p(0).
5
Let u(w) = -233*w + 493. Calculate the remainder when 4155 is divided by u(2).
24
Let r(t) = 8*t**2 + 79*t - 298. Let v = 0 - -13. Suppose -q - l + v = 0, 3*q - 42 = -4*l - 4. What is the remainder when r(-13) is divided by q?
13
Let d(v) = 297*v - 14 - 143*v - 139*v. Let r be d(4). Let n = 52 - r. What is the remainder when 11 is divided by n?
5
Suppose 3*o = -5*s + 399, 5*s - 3*o - 378 = o. What is the remainder when (198/25 - (-228)/2850) + -11 - -162 is divided by s?
3
Let s = 3946 + -3817. What is the remainder when s is divided by 30?
9
Suppose -c + 137 - 488 = 4*v, -5*v = -c - 315. Let h = c - -374. Calculate the remainder when 188 is divided by h.
32
Suppose 138*k = 141*k - 4*o - 365, -3*o - 601 = -5*k. Calculate the remainder when 277 is divided by k.
39
What is the remainder when 650 is divided by (97 - -4)/((-49)/(-245)*5/1)?
44
Let k(t) = 1134*t - 3757. Calculate the remainder when k(4) is divided by 20.
19
Let z = 2538 + -2475. Calculate the remainder when 285 is divided by z.
33
What is the remainder when (-4)/(12/(-501)) - ((-80)/(-10) - 5) is divided by 129?
35
Let j(r) = 9*r**2 - 64*r - 717. Calculate the remainder when j(-12) is divided by 71.
69
Suppose 0 = -32*t + 189018 + 29446. What is the remainder when t is divided by 27?
23
Let g = -149 + 149. Suppose -10 = 5*j, g*j - 114 = -4*i + j. What is the remainder when 105 is divided by i?
21
Let d be (-1 - 246/(-8)) + (-1)/(-4). Suppose 2*o = -3*n + d, 0 = -0*o + 4*o - 5*n - 104. Calculate the remainder when -3*1 + (-5 - (-1 - o)) is divided by 10.
4
Let p(g) = -7*g - 4. Suppose -41*k = 8*k - 1176. Calculate the remainder when p(-3) is divided by (k/10 + -2)/(93/930).
1
Suppose -3*w - 13 + 49 = 0. Suppose 5*r = 53*b - 49*b + 974, 4*b - 844 = -4*r. What is the remainder when r is divided by w?
10
Suppose -2*l + 5*d = -1757, -5*l - 4*d + 4558 - 149 = 0. Suppose 0 = -2*m - 10, -2*z + 0*z + m + 109 = 0. Calculate the remainder when l is divided by z.
49
Let s(f) = -f**2 - 108*f - 2716. What is the remainder when 127 is divided by s(-63)?
8
What is the remainder when (-2 + 517)/(284/568) is divided by 172?
170
Let d(b) = b**3 - 14*b**2 - 26*b + 461. Calculate the remainder when d(14) is divided by 52.
45
Let g(y) = -5*y - 8. Suppose -k + 141 = 4*p + 69, 5*p - 156 = -2*k. What is the remainder when k is divided by g(-8)?
24
Let u(x) = x**2 + 69*x + 1205. What is the remainder when u(-22) is divided by 4?
3
Let o(q) = -50*q - 530. What is the remainder when 852 is divided by o(-11)?
12
Let i = -559 - -1181. Suppose -8*b + i = -218. Suppose o - b = -2*o. Calculate the remainder when 68 is divided by o.
33
Suppose -826 + 42 = -16*l. Suppose 3*s = -l*s + 4212. What is the remainder when 172 is divided by s?
10
Let r(y) = -y**2 + 23*y - 15. Let u be r(10). Let q = u + -54. Suppose o = -2*g - 2*o + 26, -20 = -g + 2*o. Calculate the remainder when q is divided by g.
13
Let f(w) = w**3 - 22*w**2 - 28*w - 60. Let i be f(26). Suppose -2*y = 2*j + 3*y - i, -y + 961 = j. Calculate the remainder when j is divided by 42.
39
Let o = -16110 - -16440. What is the remainder when o is divided by 244?
86
Let u(l) = -8*l**2 - 6*l - 45. Let d be u(-8). Let i = 718 + d. Calculate the remainder when i is divided by 21.
20
Let n(l) = 40*l - 74. Let x be n(-4). Let z = -219 - x. Suppose y = -2*y + 177. What is the remainder when y is divided by z?
14
Suppose 152*n - 21*n - 86496 = -28*n. Calculate the remainder when 1115 is divided by n.
27
Let o(f) be the first derivative of f**4/4 + 2*f**3 - f**2 + 12*f - 107. Let x(q) = -8*q + 2. What is the remainder when o(-4) is divided by x(-2)?
16
Let i(k) be the second derivative of k**4/12 + 25*k**3/6 - 69*k**2/2 + 73*k. What is the remainder when i(-29) is divided by 29?
18
Let f(m) = -12 + 38 - 21 + 3*m. Let g be f(2). Suppose -23 = -4*x + u + g, 6 = -3*u. Calculate the remainder when 38 is divided by x.
6
Suppose 0 = 4*m + 20, 4*a = 3*m + 6843 - 1292. Calculate the remainder when a is divided by 42.
40
Let g = -12 - -20. Suppose -g*z - 8 = -96. Let y(x) = 9*x - 4. Calculate the remainder when y(z) is divided by 49.
46
Let x = -3069 - -4318. Let k = -658 + x. What is the remainder when k is divided by 99?
96
Suppose -d = -3*s + 4, 5*s + d = 10 + 2. Suppose 2*p - 4*c + 32 = 104, 3*p = s*c + 92. What is the remainder when (2/4)/(130/2990 - 286/7636) is divided by p?
27
Let v(x) = -2*x + 9. Suppose -d + 108 = 119. Let w be v(d). Let h = w + -6. Calculate the remainder when 123 is divided by h.
23
Let h be (-19)/(12/(-126) + 74/1218). Let u = -496 + h. Calculate the remainder when u is divided by 33.
22
Let q(f) = 3*f**3 - 6*f**2 - 3*f**2 + 8 - 8*f + 18*f - 4*f**3. What is the remainder when 15 is divided by q(-10)?
7
Suppose 4*y = -p + 2*y - 2, 0 = -3*y - 3. Suppose -i + 3*z + 5 = p, 0 = -3*z + 1 + 8. Calculate the remainder when 65 is divided by i.
9
Suppose 3*c - 3 = 3. Let b(t) = 8*t**2 - 5*t**2 + 17*t**c + t + 2. Calculate the remainder when 83 is divided by b(-1).
20
Suppose 24 = -4*k + 44. Suppose -k*a - r = -75, 27*a - 23*a - 2*r - 74 = 0. What is the remainder when 185 is divided by a?
9
Let o(i) = i**3 + 36*i**2 - 40*i - 78. Calculate the remainder when (-2)/((-2)/264*3) is divided by o(-37).
22
Let s be (-30)/(-25)*(-3)/(-6)*15. Suppose -s - 544 = -7*z. Let d = z + -33. Calculate the remainder when d is divided by 25.
21
Suppose 9*t + 7523 = 7595. Suppose -3*y - y = -140. What is the remainder when y is divided by t?
3
Let b = 6246 - 6172. What is the remainder when 4735 is divided by b?
73
Let h be 14/((-4)/2 + 4). Suppose -3*b - 76 = -h*b. What is the remainder when b is divided by (228/342)/((-4)/(-66))?
8
Let b be (-1881)/95 - (-2)/(-10). What is the remainder when 93 is divided by (87 + -7)*(-12)/b?
45
Suppose -u + 4*u - 42 = 4*z, 0 = -3*z - 2*u - 23. Calculate the remainder when 236 is divided by 1/((z + 3)/(-60)).
6
Suppose -5*x - 2*u + 27 = 0, 4*x - 25 = -0*u - 5*u. What is the remainder when (-6)/2*(-42 - -9) is divided by (-4)/x*(-1445)/34?
31
Let d(b) be the first derivative of b**2 - 16*b - 45. Calculate the remainder when 61 is divided by d(24).
29
Let b(l) = l**3 + l**2 - 48*l + 172. What is the remainder when 663 is divided by b(4)?
3
Let a be (-40)/(-18) + (-364)/(-63) + -6. Suppose -a*p - 2*y + 24 = 0, 0 = -5*p - 2*y - y + 68. What is the remainder when 207 is divided by p?
15
Let c = -38 + 60. Let o = 3 + c. Suppose -3*v - b + o = 0, -3 = -v - 0*b + 5*b. Calculate the remainder when 30 is divided by v.
6
Let n(o) = 83*o - 1496. What is the remainder when 656 is divided by n(20)?
0
Let l be 2/4*140/10. Suppose 0 = -w - b + l, -2*b + 6 - 1 = -w. Calculate the remainder when 21 is divided by w.
0
Suppose 20*k - 9*k = 66. Suppose -3*j + k = -0. Suppose 5*l - 55 = -j*y, -3*y = 5*l - 80 - 0. What is the remainder when 73 is divided by y?
23
Suppose -906*b = -301*b - 511830. Calculate the remainder when b is divided by 69.
18
Calculate the remainder when 87483/55 - (6 + (-108)/20) is divided by 76.
70
Calculate the remainder when 578 is divided by ((2 - -4) + 84)*(-8 - (-392)/35).
2
Let v(z) = z**2 - 36*z + 39. Let k be v(15). Let c = k + 307. What is the remainder when 14*(39/(-2))/(-3) is divided by c?
29
Suppose -5*c + c = -92. Let q(f) = f**3 + 24*f**2 - 28*f - 41. Let r be q(-25). Suppose -2*m + r = -80. What is the remainder when m is divided by c?
11
Let p(r) = -r**2 + 27*r + 68. Let m be p(32). Calculate the remainder when (-27 - m)/((-1)/(-1)) is divided by 22.
21
Let h(z) = z**3 - 4*z**2 + z - 2. Let q be h(4). Let i be 0 - q - -3 - 0. Let t(d) = 156*d - 3. Calculate the remainder when t(i) is divided by 39.
36
Let q(x) be the third derivative of -x**6/40 - x**5/12 - 3*x**4/8 - x**3/2 - 223*x**2. Let f = 19 + 2. Calculate the remainder when q(-3) is divided by f.
18
Suppose -4*g + 3*h - 3525 = -2*g, -5*g + 2*h - 8818 = 0. Let f = g + 2918. What is the remainder when f is divided by 105?
104
Suppose -t + 3*s + 7 = 0, -3*s + 10 + 25 = 5*t. Suppose -242*k = -1646 - 1742. Calculate the remainder when k is divided by t.
0
Suppose 3*c = 0, 24*y - 8548 = 20*y - 2*c. What is the remainder when y is divided by 23?
21
Let n = -15636 - -20877. Calculate th